{"id":3,"date":"2024-12-13T09:30:56","date_gmt":"2024-12-13T09:30:56","guid":{"rendered":"https:\/\/psyykkari.fi\/?page_id=3"},"modified":"2025-12-23T15:12:08","modified_gmt":"2025-12-23T15:12:08","slug":"privacy-policy","status":"publish","type":"page","link":"https:\/\/psyykkari.fi\/index.php\/psykologipalvelu\/privacy-policy\/","title":{"rendered":"Tietosuojaseloste"},"content":{"rendered":"\n<div class=\"wp-block-cover alignwide has-custom-content-position is-position-bottom-center\" style=\"min-height:100vh;aspect-ratio:unset;\"><img data-dominant-color=\"708991\" data-has-transparency=\"true\" style=\"--dominant-color: #708991;\" loading=\"lazy\" decoding=\"async\" width=\"1800\" height=\"1013\" class=\"wp-block-cover__image-background wp-image-1275 has-transparency\" alt=\"\" src=\"https:\/\/psyykkari.fi\/wp-content\/uploads\/2025\/11\/Aalto4-edited.avif\" data-object-fit=\"cover\" srcset=\"https:\/\/psyykkari.fi\/wp-content\/uploads\/2025\/11\/Aalto4-edited.avif 1800w, https:\/\/psyykkari.fi\/wp-content\/uploads\/2025\/11\/Aalto4-edited-300x169.avif 300w, https:\/\/psyykkari.fi\/wp-content\/uploads\/2025\/11\/Aalto4-edited-1024x576.avif 1024w, https:\/\/psyykkari.fi\/wp-content\/uploads\/2025\/11\/Aalto4-edited-768x432.avif 768w, https:\/\/psyykkari.fi\/wp-content\/uploads\/2025\/11\/Aalto4-edited-1536x864.avif 1536w\" sizes=\"auto, (max-width: 1800px) 100vw, 1800px\" \/><span aria-hidden=\"true\" class=\"wp-block-cover__background has-background-dim\"><\/span><div class=\"wp-block-cover__inner-container is-layout-flow wp-block-cover-is-layout-flow\">\n<h1 class=\"wp-block-heading\" style=\"border-style:none;border-width:0px;margin-top:0;margin-right:0;margin-bottom:var(--wp--preset--spacing--70);margin-left:var(--wp--preset--spacing--40);padding-top:0;padding-right:var(--wp--preset--spacing--40);padding-bottom:0;padding-left:var(--wp--preset--spacing--40)\">Tietosuojak\u00e4yt\u00e4nt\u00f6mme <\/h1>\n<\/div><\/div>\n\n\n\n<div class=\"wp-block-media-text alignwide is-stacked-on-mobile\"><figure class=\"wp-block-media-text__media\"><img data-dominant-color=\"848684\" data-has-transparency=\"false\" style=\"--dominant-color: #848684;\" loading=\"lazy\" decoding=\"async\" width=\"1024\" height=\"1024\" src=\"https:\/\/psyykkari.fi\/wp-content\/uploads\/2025\/11\/Tele_health.avif\" alt=\"\" class=\"wp-image-1157 size-full not-transparent\" srcset=\"https:\/\/psyykkari.fi\/wp-content\/uploads\/2025\/11\/Tele_health.avif 1024w, https:\/\/psyykkari.fi\/wp-content\/uploads\/2025\/11\/Tele_health-300x300.avif 300w, https:\/\/psyykkari.fi\/wp-content\/uploads\/2025\/11\/Tele_health-150x150.avif 150w, https:\/\/psyykkari.fi\/wp-content\/uploads\/2025\/11\/Tele_health-768x768.avif 768w\" sizes=\"auto, (max-width: 1024px) 100vw, 1024px\" \/><\/figure><div class=\"wp-block-media-text__content\">\n<p>Verkkosivustomme on osoitteessa&nbsp;<a href=\"https:\/\/psyykkari.fi\/\" target=\"_blank\" rel=\"noreferrer noopener\">https:\/\/psyykkari.fi<\/a>.<br>Ker\u00e4\u00e4mme yhteydenottolomakkeen kautta tietoja, kuten nimesi, s\u00e4hk\u00f6postiosoitteesi ja viestisi sek\u00e4 IP-osoitteesi ja selaintiedot suojautuaksemme roskapostilta.<\/p>\n\n\n\n<p>Jos asiakkuus alkaa, s\u00e4ilyt\u00e4mme yhteystietosi turvallisesti niin kauan kuin se on tarpeen asiakassuhteen hoitamiseksi.<\/p>\n\n\n\n<p>Kun j\u00e4t\u00e4t viestin tai kommentin, tallennamme nimesi ja s\u00e4hk\u00f6postiosoitteesi ev\u00e4steisiin, jotta sinun ei tarvitse t\u00e4ytt\u00e4\u00e4 niit\u00e4 uudestaan vuoden ajan. K\u00e4yt\u00e4mme my\u00f6s v\u00e4liaikaisia ev\u00e4steit\u00e4 kirjautumisten ja sivujen n\u00e4ytt\u00f6asetusten hallintaan.<\/p>\n\n\n\n<p>Sivustomme saattaa sis\u00e4lt\u00e4\u00e4 muiden sivustojen upotettua sis\u00e4lt\u00f6\u00e4. N\u00e4ihin sovelletaan kyseisten sivustojen omia tietosuojak\u00e4yt\u00e4nt\u00f6j\u00e4.<\/p>\n\n\n\n<p>Voit pyyt\u00e4\u00e4 meilt\u00e4 tietojasi tai halutessasi niiden poistamista. T\u00e4m\u00e4 ei kuitenkaan koske lakis\u00e4\u00e4teisesti s\u00e4ilytett\u00e4vi\u00e4 tietoja.<\/p>\n\n\n\n<p>Yhteystietoja s\u00e4ilytet\u00e4\u00e4n vain siin\u00e4 tapauksessa, ett\u00e4 asiakkuussuhde syntyy.<\/p>\n<\/div><\/div>\n\n\n\n<div class=\"wp-block-media-text alignwide has-media-on-the-right is-stacked-on-mobile\"><div class=\"wp-block-media-text__content\">\n<h2 class=\"wp-block-heading\">Mediat<\/h2>\n\n\n\n<p>Sivuston kuvat ovat psyykkari.fi omia tai teko\u00e4lyll\u00e4 luotuja \/ muokattuja.<\/p>\n\n\n\n<h2 class=\"wp-block-heading\">Kuinka kauan s\u00e4ilyt\u00e4mme tietojasi<\/h2>\n\n\n\n<p>Jos j\u00e4t\u00e4t kommentin, kommentti ja sen metatiedot s\u00e4ilytet\u00e4\u00e4n loputtomiin. N\u00e4in voimme tunnistaa ja hyv\u00e4ksy\u00e4 mahdolliset jatkokommentit automaattisesti sen sijaan, ett\u00e4 pit\u00e4isimme niit\u00e4 moderointijonossa.<\/p>\n\n\n\n<p>Sivustollemme rekister\u00f6ityneiden k\u00e4ytt\u00e4jien (jos sellaisia on) osalta tallennamme my\u00f6s heid\u00e4n k\u00e4ytt\u00e4j\u00e4profiiliinsa antamansa henkil\u00f6tiedot. Kaikki k\u00e4ytt\u00e4j\u00e4t voivat milloin tahansa n\u00e4hd\u00e4, muokata tai poistaa henkil\u00f6kohtaisia tietojaan (paitsi k\u00e4ytt\u00e4j\u00e4tunnusta ei voi muuttaa). My\u00f6s verkkosivuston yll\u00e4pit\u00e4j\u00e4t voivat n\u00e4hd\u00e4 ja muokata n\u00e4it\u00e4 tietoja.<\/p>\n\n\n\n<h2 class=\"wp-block-heading alignwide\">Mit\u00e4 oikeuksia sinulla on tietojesi suhteen<\/h2>\n\n\n\n<p>Jos sinulla on tili t\u00e4ll\u00e4 sivustolla tai olet j\u00e4tt\u00e4nyt kommentteja, voit pyyt\u00e4\u00e4, ett\u00e4 sinulle l\u00e4hetet\u00e4\u00e4n tiedosto sinusta hallussamme olevista henkil\u00f6tiedoista, mukaan lukien kaikki meille antamasi tiedot. Voit my\u00f6s pyyt\u00e4\u00e4, ett\u00e4 poistamme hallussamme olevat henkil\u00f6tietosi. T\u00e4m\u00e4 ei koske tietoja, jotka meid\u00e4n on s\u00e4ilytett\u00e4v\u00e4 hallinnollisista, oikeudellisista tai turvallisuussyist\u00e4.<\/p>\n\n\n\n<h3 class=\"wp-block-heading\">Tietoturvasuunnitelma on tehty ja siell\u00e4 kuvataan terapian tietojen s\u00e4ilytt\u00e4minen. <\/h3>\n\n\n\n<p>Omavalvontasuunnitelma  &gt;&gt; <a title=\"Yksityisen-terveydenhuollon-omavalvontasuunnitelma_KK\" href=\"https:\/\/psyykkari.fi\/wp-content\/uploads\/2025\/06\/Psykologin-omavalvontasuunnitelma-Psyykkari-19.6.2025.pdf\" target=\"_blank\" rel=\"noopener\">t\u00e4st\u00e4<\/a><\/p>\n<\/div><figure class=\"wp-block-media-text__media\"><img data-dominant-color=\"988476\" data-has-transparency=\"false\" style=\"--dominant-color: #988476;\" loading=\"lazy\" decoding=\"async\" width=\"1024\" height=\"1024\" src=\"https:\/\/psyykkari.fi\/wp-content\/uploads\/2025\/11\/16219A45-3C4A-4EF0-9B64-D4B5E8A3BFDC.avif\" alt=\"\" class=\"wp-image-1277 size-full not-transparent\" srcset=\"https:\/\/psyykkari.fi\/wp-content\/uploads\/2025\/11\/16219A45-3C4A-4EF0-9B64-D4B5E8A3BFDC.avif 1024w, https:\/\/psyykkari.fi\/wp-content\/uploads\/2025\/11\/16219A45-3C4A-4EF0-9B64-D4B5E8A3BFDC-300x300.avif 300w, https:\/\/psyykkari.fi\/wp-content\/uploads\/2025\/11\/16219A45-3C4A-4EF0-9B64-D4B5E8A3BFDC-150x150.avif 150w, https:\/\/psyykkari.fi\/wp-content\/uploads\/2025\/11\/16219A45-3C4A-4EF0-9B64-D4B5E8A3BFDC-768x768.avif 768w\" sizes=\"auto, (max-width: 1024px) 100vw, 1024px\" \/><\/figure><\/div>\n","protected":false},"excerpt":{"rendered":"<p>Verkkosivustomme on osoitteessa&nbsp;https:\/\/psyykkari.fi.Ker\u00e4\u00e4mme yhteydenottolomakkeen kautta tietoja, kuten nimesi, s\u00e4hk\u00f6postiosoitteesi ja viestisi sek\u00e4 IP-osoitteesi ja selaintiedot suojautuaksemme roskapostilta. Jos asiakkuus alkaa, s\u00e4ilyt\u00e4mme yhteystietosi turvallisesti niin kauan kuin se on tarpeen asiakassuhteen hoitamiseksi. Kun j\u00e4t\u00e4t viestin tai kommentin, tallennamme nimesi ja s\u00e4hk\u00f6postiosoitteesi ev\u00e4steisiin, jotta sinun ei tarvitse t\u00e4ytt\u00e4\u00e4 niit\u00e4 uudestaan vuoden ajan. K\u00e4yt\u00e4mme my\u00f6s v\u00e4liaikaisia ev\u00e4steit\u00e4 kirjautumisten [&hellip;]<\/p>\n","protected":false},"author":1,"featured_media":0,"parent":6,"menu_order":0,"comment_status":"closed","ping_status":"closed","template":"","meta":{"om_disable_all_campaigns":false,"_monsterinsights_skip_tracking":false,"_monsterinsights_sitenote_active":false,"_monsterinsights_sitenote_note":"","_monsterinsights_sitenote_category":0,"footnotes":""},"class_list":["post-3","page","type-page","status-publish","hentry"],"yoast_head":"<!-- This site is optimized with the Yoast SEO plugin v27.5 - https:\/\/yoast.com\/product\/yoast-seo-wordpress\/ -->\n<title>Tietosuojaseloste - Psykologipalvelu Kari Kilpel&auml;inen<\/title>\n<meta name=\"description\" content=\"Tutustu Psyykkari.fi -sivuston tietosuojak\u00e4yt\u00e4nt\u00f6\u00f6n: miten k\u00e4sittelemme henkil\u00f6tietoja ja ev\u00e4steit\u00e4, sek\u00e4 mill\u00e4 tavoin suojaamme yksityisyytt\u00e4si ja varmistamme tietoturvan.\" \/>\n<meta name=\"robots\" content=\"index, follow, max-snippet:-1, max-image-preview:large, max-video-preview:-1\" \/>\n<link rel=\"canonical\" href=\"https:\/\/psyykkari.fi\/index.php\/psykologipalvelu\/privacy-policy\/\" \/>\n<meta property=\"og:locale\" content=\"fi_FI\" \/>\n<meta property=\"og:type\" content=\"article\" \/>\n<meta property=\"og:title\" content=\"Tietosuojaseloste - Psykologipalvelu Kari Kilpel&auml;inen\" \/>\n<meta property=\"og:description\" content=\"Tutustu Psyykkari.fi -sivuston tietosuojak\u00e4yt\u00e4nt\u00f6\u00f6n: miten k\u00e4sittelemme henkil\u00f6tietoja ja ev\u00e4steit\u00e4, sek\u00e4 mill\u00e4 tavoin suojaamme yksityisyytt\u00e4si ja varmistamme tietoturvan.\" \/>\n<meta property=\"og:url\" content=\"https:\/\/psyykkari.fi\/index.php\/psykologipalvelu\/privacy-policy\/\" \/>\n<meta property=\"og:site_name\" content=\"Psykologipalvelu Kari Kilpel&auml;inen\" \/>\n<meta property=\"article:publisher\" content=\"https:\/\/www.facebook.com\/profile.php?id=61569898660827\" \/>\n<meta property=\"article:modified_time\" content=\"2025-12-23T15:12:08+00:00\" \/>\n<meta name=\"twitter:card\" content=\"summary_large_image\" \/>\n<meta name=\"twitter:label1\" content=\"Arvioitu lukuaika\" \/>\n\t<meta name=\"twitter:data1\" content=\"3 minuuttia\" \/>\n<script type=\"application\/ld+json\" class=\"yoast-schema-graph\">{\"@context\":\"https:\\\/\\\/schema.org\",\"@graph\":[{\"@type\":\"WebPage\",\"@id\":\"https:\\\/\\\/psyykkari.fi\\\/index.php\\\/psykologipalvelu\\\/privacy-policy\\\/\",\"url\":\"https:\\\/\\\/psyykkari.fi\\\/index.php\\\/psykologipalvelu\\\/privacy-policy\\\/\",\"name\":\"Tietosuojaseloste - Psykologipalvelu Kari Kilpel&auml;inen\",\"isPartOf\":{\"@id\":\"https:\\\/\\\/psyykkari.fi\\\/#website\"},\"primaryImageOfPage\":{\"@id\":\"https:\\\/\\\/psyykkari.fi\\\/index.php\\\/psykologipalvelu\\\/privacy-policy\\\/#primaryimage\"},\"image\":{\"@id\":\"https:\\\/\\\/psyykkari.fi\\\/index.php\\\/psykologipalvelu\\\/privacy-policy\\\/#primaryimage\"},\"thumbnailUrl\":\"https:\\\/\\\/psyykkari.fi\\\/wp-content\\\/uploads\\\/2025\\\/11\\\/Aalto4-edited.avif\",\"datePublished\":\"2024-12-13T09:30:56+00:00\",\"dateModified\":\"2025-12-23T15:12:08+00:00\",\"description\":\"Tutustu Psyykkari.fi -sivuston tietosuojak\u00e4yt\u00e4nt\u00f6\u00f6n: miten k\u00e4sittelemme henkil\u00f6tietoja ja ev\u00e4steit\u00e4, sek\u00e4 mill\u00e4 tavoin suojaamme yksityisyytt\u00e4si ja varmistamme tietoturvan.\",\"breadcrumb\":{\"@id\":\"https:\\\/\\\/psyykkari.fi\\\/index.php\\\/psykologipalvelu\\\/privacy-policy\\\/#breadcrumb\"},\"inLanguage\":\"fi\",\"potentialAction\":[{\"@type\":\"ReadAction\",\"target\":[\"https:\\\/\\\/psyykkari.fi\\\/index.php\\\/psykologipalvelu\\\/privacy-policy\\\/\"]}]},{\"@type\":\"ImageObject\",\"inLanguage\":\"fi\",\"@id\":\"https:\\\/\\\/psyykkari.fi\\\/index.php\\\/psykologipalvelu\\\/privacy-policy\\\/#primaryimage\",\"url\":\"https:\\\/\\\/psyykkari.fi\\\/wp-content\\\/uploads\\\/2025\\\/11\\\/Aalto4-edited.avif\",\"contentUrl\":\"https:\\\/\\\/psyykkari.fi\\\/wp-content\\\/uploads\\\/2025\\\/11\\\/Aalto4-edited.avif\",\"width\":1800,\"height\":1013},{\"@type\":\"BreadcrumbList\",\"@id\":\"https:\\\/\\\/psyykkari.fi\\\/index.php\\\/psykologipalvelu\\\/privacy-policy\\\/#breadcrumb\",\"itemListElement\":[{\"@type\":\"ListItem\",\"position\":1,\"name\":\"Etusivu\",\"item\":\"https:\\\/\\\/psyykkari.fi\\\/\"},{\"@type\":\"ListItem\",\"position\":2,\"name\":\"Etusivu\",\"item\":\"https:\\\/\\\/psyykkari.fi\\\/\"},{\"@type\":\"ListItem\",\"position\":3,\"name\":\"Tietosuojaseloste\"}]},{\"@type\":\"WebSite\",\"@id\":\"https:\\\/\\\/psyykkari.fi\\\/#website\",\"url\":\"https:\\\/\\\/psyykkari.fi\\\/\",\"name\":\"Psykologipalvelu Kari Kilpel\u00e4inen\",\"description\":\"Ratkaisukeskeist&auml; keskustelutukea\",\"publisher\":{\"@id\":\"https:\\\/\\\/psyykkari.fi\\\/#organization\"},\"potentialAction\":[{\"@type\":\"SearchAction\",\"target\":{\"@type\":\"EntryPoint\",\"urlTemplate\":\"https:\\\/\\\/psyykkari.fi\\\/?s={search_term_string}\"},\"query-input\":{\"@type\":\"PropertyValueSpecification\",\"valueRequired\":true,\"valueName\":\"search_term_string\"}}],\"inLanguage\":\"fi\"},{\"@type\":\"Organization\",\"@id\":\"https:\\\/\\\/psyykkari.fi\\\/#organization\",\"name\":\"Psykologipalvelu Kari Kilpel\u00e4inen\",\"url\":\"https:\\\/\\\/psyykkari.fi\\\/\",\"logo\":{\"@type\":\"ImageObject\",\"inLanguage\":\"fi\",\"@id\":\"https:\\\/\\\/psyykkari.fi\\\/#\\\/schema\\\/logo\\\/image\\\/\",\"url\":\"https:\\\/\\\/psyykkari.fi\\\/wp-content\\\/uploads\\\/2025\\\/12\\\/logo500.avif\",\"contentUrl\":\"https:\\\/\\\/psyykkari.fi\\\/wp-content\\\/uploads\\\/2025\\\/12\\\/logo500.avif\",\"width\":500,\"height\":500,\"caption\":\"Psykologipalvelu Kari Kilpel\u00e4inen\"},\"image\":{\"@id\":\"https:\\\/\\\/psyykkari.fi\\\/#\\\/schema\\\/logo\\\/image\\\/\"},\"sameAs\":[\"https:\\\/\\\/www.facebook.com\\\/profile.php?id=61569898660827\"]}]}<\/script>\n<!-- \/ Yoast SEO plugin. -->","yoast_head_json":{"title":"Tietosuojaseloste - Psykologipalvelu Kari Kilpel&auml;inen","description":"Tutustu Psyykkari.fi -sivuston tietosuojak\u00e4yt\u00e4nt\u00f6\u00f6n: miten k\u00e4sittelemme henkil\u00f6tietoja ja ev\u00e4steit\u00e4, sek\u00e4 mill\u00e4 tavoin suojaamme yksityisyytt\u00e4si ja varmistamme tietoturvan.","robots":{"index":"index","follow":"follow","max-snippet":"max-snippet:-1","max-image-preview":"max-image-preview:large","max-video-preview":"max-video-preview:-1"},"canonical":"https:\/\/psyykkari.fi\/index.php\/psykologipalvelu\/privacy-policy\/","og_locale":"fi_FI","og_type":"article","og_title":"Tietosuojaseloste - Psykologipalvelu Kari Kilpel&auml;inen","og_description":"Tutustu Psyykkari.fi -sivuston tietosuojak\u00e4yt\u00e4nt\u00f6\u00f6n: miten k\u00e4sittelemme henkil\u00f6tietoja ja ev\u00e4steit\u00e4, sek\u00e4 mill\u00e4 tavoin suojaamme yksityisyytt\u00e4si ja varmistamme tietoturvan.","og_url":"https:\/\/psyykkari.fi\/index.php\/psykologipalvelu\/privacy-policy\/","og_site_name":"Psykologipalvelu Kari Kilpel&auml;inen","article_publisher":"https:\/\/www.facebook.com\/profile.php?id=61569898660827","article_modified_time":"2025-12-23T15:12:08+00:00","twitter_card":"summary_large_image","twitter_misc":{"Arvioitu lukuaika":"3 minuuttia"},"schema":{"@context":"https:\/\/schema.org","@graph":[{"@type":"WebPage","@id":"https:\/\/psyykkari.fi\/index.php\/psykologipalvelu\/privacy-policy\/","url":"https:\/\/psyykkari.fi\/index.php\/psykologipalvelu\/privacy-policy\/","name":"Tietosuojaseloste - Psykologipalvelu Kari Kilpel&auml;inen","isPartOf":{"@id":"https:\/\/psyykkari.fi\/#website"},"primaryImageOfPage":{"@id":"https:\/\/psyykkari.fi\/index.php\/psykologipalvelu\/privacy-policy\/#primaryimage"},"image":{"@id":"https:\/\/psyykkari.fi\/index.php\/psykologipalvelu\/privacy-policy\/#primaryimage"},"thumbnailUrl":"https:\/\/psyykkari.fi\/wp-content\/uploads\/2025\/11\/Aalto4-edited.avif","datePublished":"2024-12-13T09:30:56+00:00","dateModified":"2025-12-23T15:12:08+00:00","description":"Tutustu Psyykkari.fi -sivuston tietosuojak\u00e4yt\u00e4nt\u00f6\u00f6n: miten k\u00e4sittelemme henkil\u00f6tietoja ja ev\u00e4steit\u00e4, sek\u00e4 mill\u00e4 tavoin suojaamme yksityisyytt\u00e4si ja varmistamme tietoturvan.","breadcrumb":{"@id":"https:\/\/psyykkari.fi\/index.php\/psykologipalvelu\/privacy-policy\/#breadcrumb"},"inLanguage":"fi","potentialAction":[{"@type":"ReadAction","target":["https:\/\/psyykkari.fi\/index.php\/psykologipalvelu\/privacy-policy\/"]}]},{"@type":"ImageObject","inLanguage":"fi","@id":"https:\/\/psyykkari.fi\/index.php\/psykologipalvelu\/privacy-policy\/#primaryimage","url":"https:\/\/psyykkari.fi\/wp-content\/uploads\/2025\/11\/Aalto4-edited.avif","contentUrl":"https:\/\/psyykkari.fi\/wp-content\/uploads\/2025\/11\/Aalto4-edited.avif","width":1800,"height":1013},{"@type":"BreadcrumbList","@id":"https:\/\/psyykkari.fi\/index.php\/psykologipalvelu\/privacy-policy\/#breadcrumb","itemListElement":[{"@type":"ListItem","position":1,"name":"Etusivu","item":"https:\/\/psyykkari.fi\/"},{"@type":"ListItem","position":2,"name":"Etusivu","item":"https:\/\/psyykkari.fi\/"},{"@type":"ListItem","position":3,"name":"Tietosuojaseloste"}]},{"@type":"WebSite","@id":"https:\/\/psyykkari.fi\/#website","url":"https:\/\/psyykkari.fi\/","name":"Psykologipalvelu Kari Kilpel\u00e4inen","description":"Ratkaisukeskeist&auml; keskustelutukea","publisher":{"@id":"https:\/\/psyykkari.fi\/#organization"},"potentialAction":[{"@type":"SearchAction","target":{"@type":"EntryPoint","urlTemplate":"https:\/\/psyykkari.fi\/?s={search_term_string}"},"query-input":{"@type":"PropertyValueSpecification","valueRequired":true,"valueName":"search_term_string"}}],"inLanguage":"fi"},{"@type":"Organization","@id":"https:\/\/psyykkari.fi\/#organization","name":"Psykologipalvelu Kari Kilpel\u00e4inen","url":"https:\/\/psyykkari.fi\/","logo":{"@type":"ImageObject","inLanguage":"fi","@id":"https:\/\/psyykkari.fi\/#\/schema\/logo\/image\/","url":"https:\/\/psyykkari.fi\/wp-content\/uploads\/2025\/12\/logo500.avif","contentUrl":"https:\/\/psyykkari.fi\/wp-content\/uploads\/2025\/12\/logo500.avif","width":500,"height":500,"caption":"Psykologipalvelu Kari Kilpel\u00e4inen"},"image":{"@id":"https:\/\/psyykkari.fi\/#\/schema\/logo\/image\/"},"sameAs":["https:\/\/www.facebook.com\/profile.php?id=61569898660827"]}]}},"_links":{"self":[{"href":"https:\/\/psyykkari.fi\/index.php\/wp-json\/wp\/v2\/pages\/3","targetHints":{"allow":["GET"]}}],"collection":[{"href":"https:\/\/psyykkari.fi\/index.php\/wp-json\/wp\/v2\/pages"}],"about":[{"href":"https:\/\/psyykkari.fi\/index.php\/wp-json\/wp\/v2\/types\/page"}],"author":[{"embeddable":true,"href":"https:\/\/psyykkari.fi\/index.php\/wp-json\/wp\/v2\/users\/1"}],"replies":[{"embeddable":true,"href":"https:\/\/psyykkari.fi\/index.php\/wp-json\/wp\/v2\/comments?post=3"}],"version-history":[{"count":32,"href":"https:\/\/psyykkari.fi\/index.php\/wp-json\/wp\/v2\/pages\/3\/revisions"}],"predecessor-version":[{"id":1586,"href":"https:\/\/psyykkari.fi\/index.php\/wp-json\/wp\/v2\/pages\/3\/revisions\/1586"}],"up":[{"embeddable":true,"href":"https:\/\/psyykkari.fi\/index.php\/wp-json\/wp\/v2\/pages\/6"}],"wp:attachment":[{"href":"https:\/\/psyykkari.fi\/index.php\/wp-json\/wp\/v2\/media?parent=3"}],"curies":[{"name":"wp","href":"https:\/\/api.w.org\/{rel}","templated":true}]}}